{"id":44,"date":"2023-11-21T10:29:13","date_gmt":"2023-11-21T09:29:13","guid":{"rendered":"https:\/\/chimene.org\/centre-baudelaire\/?page_id=44"},"modified":"2026-04-08T16:26:19","modified_gmt":"2026-04-08T14:26:19","slug":"actualites","status":"publish","type":"page","link":"https:\/\/chimene.org\/centre-baudelaire\/actualites\/","title":{"rendered":"Actualit\u00e9s"},"content":{"rendered":"\n<p>La Sortie du Mois<\/p>\n\n\n\n<figure class=\"wp-block-image size-full\"><img loading=\"lazy\" decoding=\"async\" width=\"1321\" height=\"922\" src=\"https:\/\/chimene.org\/centre-baudelaire\/wp-content\/uploads\/sites\/6\/2026\/04\/Capture-HLM-Paume.png\" alt=\"\" class=\"wp-image-199\" srcset=\"https:\/\/chimene.org\/centre-baudelaire\/wp-content\/uploads\/sites\/6\/2026\/04\/Capture-HLM-Paume.png 1321w, https:\/\/chimene.org\/centre-baudelaire\/wp-content\/uploads\/sites\/6\/2026\/04\/Capture-HLM-Paume-300x209.png 300w, https:\/\/chimene.org\/centre-baudelaire\/wp-content\/uploads\/sites\/6\/2026\/04\/Capture-HLM-Paume-1024x715.png 1024w, https:\/\/chimene.org\/centre-baudelaire\/wp-content\/uploads\/sites\/6\/2026\/04\/Capture-HLM-Paume-768x536.png 768w\" sizes=\"auto, (max-width: 1321px) 100vw, 1321px\" \/><\/figure>\n\n\n\n<h2 class=\"wp-block-heading\"><\/h2>\n\n\n\n<div class=\"wp-block-columns are-vertically-aligned-center is-layout-flex wp-container-core-columns-is-layout-9d6595d7 wp-block-columns-is-layout-flex\">\n<div class=\"wp-block-column is-vertically-aligned-center is-layout-flow wp-block-column-is-layout-flow\">\n<p>LES SORTIES DU MOIS (Les sorties et \u00e9v\u00e8nements du CVS sont dans la rubrique CVS)<\/p>\n<\/div>\n<\/div>\n\n\n\n<h2 class=\"wp-block-heading\"><\/h2>\n\n\n\n<h2 class=\"wp-block-heading\">NOUVEAU: GROUPE DE PAROLE POUR LES ADOS (Lyc\u00e9ens) <\/h2>\n\n\n\n<p>Les s\u00e9ances reprennent un vendredi sur deux de 16h30 \u00e0 17h30 \u00e0 partir de 2026. Pour plus d&rsquo;infos, veuillez contacter le secr\u00e9tariat du Centre Baudelaire au 01 58 88 33 65.<\/p>\n\n\n\n<h2 class=\"wp-block-heading\"> VOUS POUVEZ VOUS iNSCRIRE EGALEMENT A L&rsquo;ATELIER CUISINE (sur le CENTRE CHIMENE)<\/h2>\n\n\n\n<figure class=\"wp-block-image size-full\"><img loading=\"lazy\" decoding=\"async\" width=\"582\" height=\"827\" src=\"https:\/\/chimene.org\/centre-baudelaire\/wp-content\/uploads\/sites\/6\/2025\/05\/image.png\" alt=\"L\u2019attribut alt de cette image est vide, son nom de fichier est Capture-cuisine.png.\" class=\"wp-image-112\" srcset=\"https:\/\/chimene.org\/centre-baudelaire\/wp-content\/uploads\/sites\/6\/2025\/05\/image.png 582w, https:\/\/chimene.org\/centre-baudelaire\/wp-content\/uploads\/sites\/6\/2025\/05\/image-211x300.png 211w\" sizes=\"auto, (max-width: 582px) 100vw, 582px\" \/><\/figure>\n\n\n\n<h2 class=\"wp-block-heading\"><\/h2>\n","protected":false},"excerpt":{"rendered":"<p>La Sortie du Mois LES SORTIES DU MOIS (Les sorties et \u00e9v\u00e8nements du CVS sont dans la rubrique CVS) NOUVEAU: GROUPE DE PAROLE POUR LES ADOS (Lyc\u00e9ens) Les s\u00e9ances reprennent un vendredi sur deux de 16h30 \u00e0 17h30 \u00e0 partir de 2026. Pour plus d&rsquo;infos, veuillez contacter le secr\u00e9tariat du Centre Baudelaire au 01 58 [&hellip;]<\/p>\n","protected":false},"author":1,"featured_media":0,"parent":0,"menu_order":0,"comment_status":"closed","ping_status":"closed","template":"","meta":{"footnotes":""},"class_list":["post-44","page","type-page","status-publish","hentry"],"yoast_head":"<!-- This site is optimized with the Yoast SEO plugin v27.0 - https:\/\/yoast.com\/product\/yoast-seo-wordpress\/ -->\n<title>Actualit\u00e9s - CSAPA Baudelaire<\/title>\n<meta name=\"robots\" content=\"index, follow, max-snippet:-1, max-image-preview:large, max-video-preview:-1\" \/>\n<link rel=\"canonical\" href=\"https:\/\/chimene.org\/centre-baudelaire\/actualites\/\" \/>\n<meta property=\"og:locale\" content=\"fr_FR\" \/>\n<meta property=\"og:type\" content=\"article\" \/>\n<meta property=\"og:title\" content=\"Actualit\u00e9s - CSAPA Baudelaire\" \/>\n<meta property=\"og:description\" content=\"La Sortie du Mois LES SORTIES DU MOIS (Les sorties et \u00e9v\u00e8nements du CVS sont dans la rubrique CVS) NOUVEAU: GROUPE DE PAROLE POUR LES ADOS (Lyc\u00e9ens) Les s\u00e9ances reprennent un vendredi sur deux de 16h30 \u00e0 17h30 \u00e0 partir de 2026. Pour plus d&rsquo;infos, veuillez contacter le secr\u00e9tariat du Centre Baudelaire au 01 58 [&hellip;]\" \/>\n<meta property=\"og:url\" content=\"https:\/\/chimene.org\/centre-baudelaire\/actualites\/\" \/>\n<meta property=\"og:site_name\" content=\"CSAPA Baudelaire\" \/>\n<meta property=\"article:modified_time\" content=\"2026-04-08T14:26:19+00:00\" \/>\n<meta property=\"og:image\" content=\"https:\/\/chimene.org\/centre-baudelaire\/wp-content\/uploads\/sites\/6\/2026\/04\/Capture-HLM-Paume.png\" \/>\n\t<meta property=\"og:image:width\" content=\"1321\" \/>\n\t<meta property=\"og:image:height\" content=\"922\" \/>\n\t<meta property=\"og:image:type\" content=\"image\/png\" \/>\n<meta name=\"twitter:card\" content=\"summary_large_image\" \/>\n<meta name=\"twitter:label1\" content=\"Dur\u00e9e de lecture estim\u00e9e\" \/>\n\t<meta name=\"twitter:data1\" content=\"1 minute\" \/>\n<script type=\"application\/ld+json\" class=\"yoast-schema-graph\">{\"@context\":\"https:\/\/schema.org\",\"@graph\":[{\"@type\":\"WebPage\",\"@id\":\"https:\/\/chimene.org\/centre-baudelaire\/actualites\/\",\"url\":\"https:\/\/chimene.org\/centre-baudelaire\/actualites\/\",\"name\":\"Actualit\u00e9s - CSAPA Baudelaire\",\"isPartOf\":{\"@id\":\"https:\/\/chimene.org\/centre-baudelaire\/#website\"},\"primaryImageOfPage\":{\"@id\":\"https:\/\/chimene.org\/centre-baudelaire\/actualites\/#primaryimage\"},\"image\":{\"@id\":\"https:\/\/chimene.org\/centre-baudelaire\/actualites\/#primaryimage\"},\"thumbnailUrl\":\"https:\/\/chimene.org\/centre-baudelaire\/wp-content\/uploads\/sites\/6\/2026\/04\/Capture-HLM-Paume.png\",\"datePublished\":\"2023-11-21T09:29:13+00:00\",\"dateModified\":\"2026-04-08T14:26:19+00:00\",\"breadcrumb\":{\"@id\":\"https:\/\/chimene.org\/centre-baudelaire\/actualites\/#breadcrumb\"},\"inLanguage\":\"fr-FR\",\"potentialAction\":[{\"@type\":\"ReadAction\",\"target\":[\"https:\/\/chimene.org\/centre-baudelaire\/actualites\/\"]}]},{\"@type\":\"ImageObject\",\"inLanguage\":\"fr-FR\",\"@id\":\"https:\/\/chimene.org\/centre-baudelaire\/actualites\/#primaryimage\",\"url\":\"https:\/\/chimene.org\/centre-baudelaire\/wp-content\/uploads\/sites\/6\/2026\/04\/Capture-HLM-Paume.png\",\"contentUrl\":\"https:\/\/chimene.org\/centre-baudelaire\/wp-content\/uploads\/sites\/6\/2026\/04\/Capture-HLM-Paume.png\",\"width\":1321,\"height\":922},{\"@type\":\"BreadcrumbList\",\"@id\":\"https:\/\/chimene.org\/centre-baudelaire\/actualites\/#breadcrumb\",\"itemListElement\":[{\"@type\":\"ListItem\",\"position\":1,\"name\":\"Accueil\",\"item\":\"https:\/\/chimene.org\/centre-baudelaire\/\"},{\"@type\":\"ListItem\",\"position\":2,\"name\":\"Actualit\u00e9s\"}]},{\"@type\":\"WebSite\",\"@id\":\"https:\/\/chimene.org\/centre-baudelaire\/#website\",\"url\":\"https:\/\/chimene.org\/centre-baudelaire\/\",\"name\":\"CSAPA Baudelaire\",\"description\":\"\",\"potentialAction\":[{\"@type\":\"SearchAction\",\"target\":{\"@type\":\"EntryPoint\",\"urlTemplate\":\"https:\/\/chimene.org\/centre-baudelaire\/?s={search_term_string}\"},\"query-input\":{\"@type\":\"PropertyValueSpecification\",\"valueRequired\":true,\"valueName\":\"search_term_string\"}}],\"inLanguage\":\"fr-FR\"}]}<\/script>\n<!-- \/ Yoast SEO plugin. -->","yoast_head_json":{"title":"Actualit\u00e9s - CSAPA Baudelaire","robots":{"index":"index","follow":"follow","max-snippet":"max-snippet:-1","max-image-preview":"max-image-preview:large","max-video-preview":"max-video-preview:-1"},"canonical":"https:\/\/chimene.org\/centre-baudelaire\/actualites\/","og_locale":"fr_FR","og_type":"article","og_title":"Actualit\u00e9s - CSAPA Baudelaire","og_description":"La Sortie du Mois LES SORTIES DU MOIS (Les sorties et \u00e9v\u00e8nements du CVS sont dans la rubrique CVS) NOUVEAU: GROUPE DE PAROLE POUR LES ADOS (Lyc\u00e9ens) Les s\u00e9ances reprennent un vendredi sur deux de 16h30 \u00e0 17h30 \u00e0 partir de 2026. Pour plus d&rsquo;infos, veuillez contacter le secr\u00e9tariat du Centre Baudelaire au 01 58 [&hellip;]","og_url":"https:\/\/chimene.org\/centre-baudelaire\/actualites\/","og_site_name":"CSAPA Baudelaire","article_modified_time":"2026-04-08T14:26:19+00:00","og_image":[{"width":1321,"height":922,"url":"https:\/\/chimene.org\/centre-baudelaire\/wp-content\/uploads\/sites\/6\/2026\/04\/Capture-HLM-Paume.png","type":"image\/png"}],"twitter_card":"summary_large_image","twitter_misc":{"Dur\u00e9e de lecture estim\u00e9e":"1 minute"},"schema":{"@context":"https:\/\/schema.org","@graph":[{"@type":"WebPage","@id":"https:\/\/chimene.org\/centre-baudelaire\/actualites\/","url":"https:\/\/chimene.org\/centre-baudelaire\/actualites\/","name":"Actualit\u00e9s - CSAPA Baudelaire","isPartOf":{"@id":"https:\/\/chimene.org\/centre-baudelaire\/#website"},"primaryImageOfPage":{"@id":"https:\/\/chimene.org\/centre-baudelaire\/actualites\/#primaryimage"},"image":{"@id":"https:\/\/chimene.org\/centre-baudelaire\/actualites\/#primaryimage"},"thumbnailUrl":"https:\/\/chimene.org\/centre-baudelaire\/wp-content\/uploads\/sites\/6\/2026\/04\/Capture-HLM-Paume.png","datePublished":"2023-11-21T09:29:13+00:00","dateModified":"2026-04-08T14:26:19+00:00","breadcrumb":{"@id":"https:\/\/chimene.org\/centre-baudelaire\/actualites\/#breadcrumb"},"inLanguage":"fr-FR","potentialAction":[{"@type":"ReadAction","target":["https:\/\/chimene.org\/centre-baudelaire\/actualites\/"]}]},{"@type":"ImageObject","inLanguage":"fr-FR","@id":"https:\/\/chimene.org\/centre-baudelaire\/actualites\/#primaryimage","url":"https:\/\/chimene.org\/centre-baudelaire\/wp-content\/uploads\/sites\/6\/2026\/04\/Capture-HLM-Paume.png","contentUrl":"https:\/\/chimene.org\/centre-baudelaire\/wp-content\/uploads\/sites\/6\/2026\/04\/Capture-HLM-Paume.png","width":1321,"height":922},{"@type":"BreadcrumbList","@id":"https:\/\/chimene.org\/centre-baudelaire\/actualites\/#breadcrumb","itemListElement":[{"@type":"ListItem","position":1,"name":"Accueil","item":"https:\/\/chimene.org\/centre-baudelaire\/"},{"@type":"ListItem","position":2,"name":"Actualit\u00e9s"}]},{"@type":"WebSite","@id":"https:\/\/chimene.org\/centre-baudelaire\/#website","url":"https:\/\/chimene.org\/centre-baudelaire\/","name":"CSAPA Baudelaire","description":"","potentialAction":[{"@type":"SearchAction","target":{"@type":"EntryPoint","urlTemplate":"https:\/\/chimene.org\/centre-baudelaire\/?s={search_term_string}"},"query-input":{"@type":"PropertyValueSpecification","valueRequired":true,"valueName":"search_term_string"}}],"inLanguage":"fr-FR"}]}},"_links":{"self":[{"href":"https:\/\/chimene.org\/centre-baudelaire\/wp-json\/wp\/v2\/pages\/44","targetHints":{"allow":["GET"]}}],"collection":[{"href":"https:\/\/chimene.org\/centre-baudelaire\/wp-json\/wp\/v2\/pages"}],"about":[{"href":"https:\/\/chimene.org\/centre-baudelaire\/wp-json\/wp\/v2\/types\/page"}],"author":[{"embeddable":true,"href":"https:\/\/chimene.org\/centre-baudelaire\/wp-json\/wp\/v2\/users\/1"}],"replies":[{"embeddable":true,"href":"https:\/\/chimene.org\/centre-baudelaire\/wp-json\/wp\/v2\/comments?post=44"}],"version-history":[{"count":30,"href":"https:\/\/chimene.org\/centre-baudelaire\/wp-json\/wp\/v2\/pages\/44\/revisions"}],"predecessor-version":[{"id":200,"href":"https:\/\/chimene.org\/centre-baudelaire\/wp-json\/wp\/v2\/pages\/44\/revisions\/200"}],"wp:attachment":[{"href":"https:\/\/chimene.org\/centre-baudelaire\/wp-json\/wp\/v2\/media?parent=44"}],"curies":[{"name":"wp","href":"https:\/\/api.w.org\/{rel}","templated":true}]}}

Actualités

<p>La Sortie du Mois</p>



<figure class="wp-block-image size-full"><img loading="lazy" decoding="async" width="1321" height="922" src="https://chimene.org/centre-baudelaire/wp-content/uploads/sites/6/2026/04/Capture-HLM-Paume.png" alt="" class="wp-image-199" srcset="https://chimene.org/centre-baudelaire/wp-content/uploads/sites/6/2026/04/Capture-HLM-Paume.png 1321w, https://chimene.org/centre-baudelaire/wp-content/uploads/sites/6/2026/04/Capture-HLM-Paume-300x209.png 300w, https://chimene.org/centre-baudelaire/wp-content/uploads/sites/6/2026/04/Capture-HLM-Paume-1024x715.png 1024w, https://chimene.org/centre-baudelaire/wp-content/uploads/sites/6/2026/04/Capture-HLM-Paume-768x536.png 768w" sizes="auto, (max-width: 1321px) 100vw, 1321px" /></figure>



<h2 class="wp-block-heading"></h2>



<div class="wp-block-columns are-vertically-aligned-center is-layout-flex wp-container-core-columns-is-layout-9d6595d7 wp-block-columns-is-layout-flex">
<div class="wp-block-column is-vertically-aligned-center is-layout-flow wp-block-column-is-layout-flow">
<p>LES SORTIES DU MOIS (Les sorties et évènements du CVS sont dans la rubrique CVS)</p>
</div>
</div>



<h2 class="wp-block-heading"></h2>



<h2 class="wp-block-heading">NOUVEAU: GROUPE DE PAROLE POUR LES ADOS (Lycéens) </h2>



<p>Les séances reprennent un vendredi sur deux de 16h30 à 17h30 à partir de 2026. Pour plus d&rsquo;infos, veuillez contacter le secrétariat du Centre Baudelaire au 01 58 88 33 65.</p>



<h2 class="wp-block-heading"> VOUS POUVEZ VOUS iNSCRIRE EGALEMENT A L&rsquo;ATELIER CUISINE (sur le CENTRE CHIMENE)</h2>



<figure class="wp-block-image size-full"><img loading="lazy" decoding="async" width="582" height="827" src="https://chimene.org/centre-baudelaire/wp-content/uploads/sites/6/2025/05/image.png" alt="L’attribut alt de cette image est vide, son nom de fichier est Capture-cuisine.png." class="wp-image-112" srcset="https://chimene.org/centre-baudelaire/wp-content/uploads/sites/6/2025/05/image.png 582w, https://chimene.org/centre-baudelaire/wp-content/uploads/sites/6/2025/05/image-211x300.png 211w" sizes="auto, (max-width: 582px) 100vw, 582px" /></figure>



<h2 class="wp-block-heading"></h2>

<p>La Sortie du Mois LES SORTIES DU MOIS (Les sorties et évènements du CVS sont dans la rubrique CVS) NOUVEAU: GROUPE DE PAROLE POUR LES ADOS (Lycéens) Les séances reprennent un vendredi sur deux de 16h30 à 17h30 à partir de 2026. Pour plus d&rsquo;infos, veuillez contacter le secrétariat du Centre Baudelaire au 01 58 [&hellip;]</p>

<!-- This site is optimized with the Yoast SEO plugin v27.0 - https://yoast.com/product/yoast-seo-wordpress/ -->
<title>Actualités - CSAPA Baudelaire</title>
<meta name="robots" content="index, follow, max-snippet:-1, max-image-preview:large, max-video-preview:-1" />
<link rel="canonical" href="https://chimene.org/centre-baudelaire/actualites/" />
<meta property="og:locale" content="fr_FR" />
<meta property="og:type" content="article" />
<meta property="og:title" content="Actualités - CSAPA Baudelaire" />
<meta property="og:description" content="La Sortie du Mois LES SORTIES DU MOIS (Les sorties et évènements du CVS sont dans la rubrique CVS) NOUVEAU: GROUPE DE PAROLE POUR LES ADOS (Lycéens) Les séances reprennent un vendredi sur deux de 16h30 à 17h30 à partir de 2026. Pour plus d&rsquo;infos, veuillez contacter le secrétariat du Centre Baudelaire au 01 58 [&hellip;]" />
<meta property="og:url" content="https://chimene.org/centre-baudelaire/actualites/" />
<meta property="og:site_name" content="CSAPA Baudelaire" />
<meta property="article:modified_time" content="2026-04-08T14:26:19+00:00" />
<meta property="og:image" content="https://chimene.org/centre-baudelaire/wp-content/uploads/sites/6/2026/04/Capture-HLM-Paume.png" />
	<meta property="og:image:width" content="1321" />
	<meta property="og:image:height" content="922" />
	<meta property="og:image:type" content="image/png" />
<meta name="twitter:card" content="summary_large_image" />
<meta name="twitter:label1" content="Durée de lecture estimée" />
	<meta name="twitter:data1" content="1 minute" />
<script type="application/ld+json" class="yoast-schema-graph">{"@context":"https://schema.org","@graph":[{"@type":"WebPage","@id":"https://chimene.org/centre-baudelaire/actualites/","url":"https://chimene.org/centre-baudelaire/actualites/","name":"Actualités - CSAPA Baudelaire","isPartOf":{"@id":"https://chimene.org/centre-baudelaire/#website"},"primaryImageOfPage":{"@id":"https://chimene.org/centre-baudelaire/actualites/#primaryimage"},"image":{"@id":"https://chimene.org/centre-baudelaire/actualites/#primaryimage"},"thumbnailUrl":"https://chimene.org/centre-baudelaire/wp-content/uploads/sites/6/2026/04/Capture-HLM-Paume.png","datePublished":"2023-11-21T09:29:13+00:00","dateModified":"2026-04-08T14:26:19+00:00","breadcrumb":{"@id":"https://chimene.org/centre-baudelaire/actualites/#breadcrumb"},"inLanguage":"fr-FR","potentialAction":[{"@type":"ReadAction","target":["https://chimene.org/centre-baudelaire/actualites/"]}]},{"@type":"ImageObject","inLanguage":"fr-FR","@id":"https://chimene.org/centre-baudelaire/actualites/#primaryimage","url":"https://chimene.org/centre-baudelaire/wp-content/uploads/sites/6/2026/04/Capture-HLM-Paume.png","contentUrl":"https://chimene.org/centre-baudelaire/wp-content/uploads/sites/6/2026/04/Capture-HLM-Paume.png","width":1321,"height":922},{"@type":"BreadcrumbList","@id":"https://chimene.org/centre-baudelaire/actualites/#breadcrumb","itemListElement":[{"@type":"ListItem","position":1,"name":"Accueil","item":"https://chimene.org/centre-baudelaire/"},{"@type":"ListItem","position":2,"name":"Actualités"}]},{"@type":"WebSite","@id":"https://chimene.org/centre-baudelaire/#website","url":"https://chimene.org/centre-baudelaire/","name":"CSAPA Baudelaire","description":"","potentialAction":[{"@type":"SearchAction","target":{"@type":"EntryPoint","urlTemplate":"https://chimene.org/centre-baudelaire/?s={search_term_string}"},"query-input":{"@type":"PropertyValueSpecification","valueRequired":true,"valueName":"search_term_string"}}],"inLanguage":"fr-FR"}]}</script>
<!-- / Yoast SEO plugin. -->

Actualités - CSAPA Baudelaire

La Sortie du Mois LES SORTIES DU MOIS (Les sorties et évènements du CVS sont dans la rubrique CVS) NOUVEAU: GROUPE DE PAROLE POUR LES ADOS (Lycéens) Les séances reprennent un vendredi sur deux de 16h30 à 17h30 à partir de 2026. Pour plus d&rsquo;infos, veuillez contacter le secrétariat du Centre Baudelaire au 01 58 [&hellip;]
