{"id":8,"date":"2022-06-22T17:05:11","date_gmt":"2022-06-22T15:05:11","guid":{"rendered":"http:\/\/associde.cluster006.ovh.net\/chimene\/?page_id=8"},"modified":"2026-03-16T14:25:14","modified_gmt":"2026-03-16T13:25:14","slug":"presentation-formations","status":"publish","type":"page","link":"https:\/\/chimene.org\/centre-chimene\/presentation-formations\/","title":{"rendered":"Pr\u00e9sentation"},"content":{"rendered":"\n<div class=\"wp-block-columns is-layout-flex wp-container-core-columns-is-layout-9d6595d7 wp-block-columns-is-layout-flex\">\n<div class=\"wp-block-column is-layout-flow wp-block-column-is-layout-flow\">\n<p class=\"grand\">Le Csapa* Chim\u00e8ne-Baudelaire est un centre de soins sp\u00e9cialis\u00e9 en addictologie compos\u00e9 de deux structures : l\u2019une situ\u00e9e \u00e0 Issy les Moulineaux (Centre Chim\u00e8ne), l\u2019autre \u00e0 Clamart (Centre Baudelaire).<\/p>\n\n\n\n<p><\/p>\n\n\n\n<p>Les consultations sont gratuites, confidentielles et peuvent \u00eatre anonymes.<br>Sur le Centre Chim\u00e8ne, il est ouvert tous les jours du le lundi, mardi et vendredi de 9h30 \u00e0 13h et de 14h \u00e0 19h, le mercredi de 9h30 \u00e0 13h et le jeudi de 14h \u00e0 19h.<\/p>\n\n\n\n<p>Le Centre Chim\u00e8ne re\u00e7oit toute personne en situation de souffrance par rapport \u00e0 une addiction (drogues, alcool, tabac, m\u00e9dicaments psychotropes), ou d&rsquo;autres (jeux d&rsquo;argent, jeux en ligne, r\u00e9seaux sociaux, etc..) qu&rsquo;elle soit dans une d\u00e9marche d&rsquo;abstinence ou pas.<br>Il offre \u00e9galement la possibilit\u00e9 de r\u00e9pondre \u00e0 une demande de produits de substitution (Infirmerie d\u00e9livrant un Traitement de Substitution aux Opiac\u00e9s) ainsi que la possibilit\u00e9 d&rsquo;une prise en charge sociale.<\/p>\n\n\n\n<p>Le patient, apr\u00e8s une premi\u00e8re prise de rendez-vous au secr\u00e9tariat, se voit attribuer un psychologue r\u00e9f\u00e9rent de la prise en charge psychoth\u00e9rapeutique, m\u00e9dicale et\/ou socio-\u00e9ducative.<\/p>\n\n\n\n<p>Notre \u00e9quipe se compose de m\u00e9decins-psychiatres, d&rsquo;un tabacologue et d&rsquo;un alcoologue, de psychologues, d&rsquo;infirmi\u00e8res, d&rsquo;une assistante sociale, d&rsquo;\u00e9ducatrices, d&rsquo;une art-th\u00e9rapeute, et d&rsquo;un coordinateur psycho-socio-culturel. Il s&rsquo;agit donc d&rsquo;une \u00e9quipe pluri-professionnelle qui se retrouve autour d&rsquo;une pens\u00e9e clinique, \u00e0 l&rsquo;\u00e9coute du sujet et de son sympt\u00f4me, pris dans un parcours de vie singulier.<\/p>\n\n\n\n<p>Centre Chim\u00e8ne: 01 46 45 61 46   <\/p>\n\n\n\n<p>Centre Baudelaire 01 58 88 33 65<\/p>\n\n\n\n<p><\/p>\n\n\n\n<p><em>*Centre de Soins, d\u2019Accompagnement et de Pr\u00e9vention en Addictologie<\/em><\/p>\n<\/div>\n\n\n\n<div class=\"wp-block-column is-layout-flow wp-block-column-is-layout-flow\">\n<figure class=\"wp-block-image size-large\"><img loading=\"lazy\" decoding=\"async\" width=\"1024\" height=\"768\" src=\"https:\/\/chimene.org\/wp-content\/uploads\/sites\/3\/2022\/07\/IMG_20191021_160132-Bis-1024x768.jpg\" alt=\"\" class=\"wp-image-123\" srcset=\"https:\/\/chimene.org\/centre-chimene\/wp-content\/uploads\/sites\/3\/2022\/07\/IMG_20191021_160132-Bis-1024x768.jpg 1024w, https:\/\/chimene.org\/centre-chimene\/wp-content\/uploads\/sites\/3\/2022\/07\/IMG_20191021_160132-Bis-300x225.jpg 300w, https:\/\/chimene.org\/centre-chimene\/wp-content\/uploads\/sites\/3\/2022\/07\/IMG_20191021_160132-Bis-768x576.jpg 768w, https:\/\/chimene.org\/centre-chimene\/wp-content\/uploads\/sites\/3\/2022\/07\/IMG_20191021_160132-Bis-1536x1152.jpg 1536w, https:\/\/chimene.org\/centre-chimene\/wp-content\/uploads\/sites\/3\/2022\/07\/IMG_20191021_160132-Bis-2048x1536.jpg 2048w\" sizes=\"auto, (max-width: 1024px) 100vw, 1024px\" \/><\/figure>\n<\/div>\n<\/div>\n","protected":false},"excerpt":{"rendered":"<p>Le Csapa* Chim\u00e8ne-Baudelaire est un centre de soins sp\u00e9cialis\u00e9 en addictologie compos\u00e9 de deux structures : l\u2019une situ\u00e9e \u00e0 Issy les Moulineaux (Centre Chim\u00e8ne), l\u2019autre \u00e0 Clamart (Centre Baudelaire). Les consultations sont gratuites, confidentielles et peuvent \u00eatre anonymes.Sur le Centre Chim\u00e8ne, il est ouvert tous les jours du le lundi, mardi et vendredi de 9h30 [&hellip;]<\/p>\n","protected":false},"author":1,"featured_media":0,"parent":0,"menu_order":0,"comment_status":"closed","ping_status":"closed","template":"","meta":{"footnotes":""},"class_list":["post-8","page","type-page","status-publish","hentry"],"yoast_head":"<!-- This site is optimized with the Yoast SEO plugin v27.0 - https:\/\/yoast.com\/product\/yoast-seo-wordpress\/ -->\n<title>Pr\u00e9sentation - CSAPA Chim\u00e8ne<\/title>\n<meta name=\"robots\" content=\"index, follow, max-snippet:-1, max-image-preview:large, max-video-preview:-1\" \/>\n<link rel=\"canonical\" href=\"https:\/\/chimene.org\/centre-chimene\/presentation-formations\/\" \/>\n<meta property=\"og:locale\" content=\"fr_FR\" \/>\n<meta property=\"og:type\" content=\"article\" \/>\n<meta property=\"og:title\" content=\"Pr\u00e9sentation - CSAPA Chim\u00e8ne\" \/>\n<meta property=\"og:description\" content=\"Le Csapa* Chim\u00e8ne-Baudelaire est un centre de soins sp\u00e9cialis\u00e9 en addictologie compos\u00e9 de deux structures : l\u2019une situ\u00e9e \u00e0 Issy les Moulineaux (Centre Chim\u00e8ne), l\u2019autre \u00e0 Clamart (Centre Baudelaire). Les consultations sont gratuites, confidentielles et peuvent \u00eatre anonymes.Sur le Centre Chim\u00e8ne, il est ouvert tous les jours du le lundi, mardi et vendredi de 9h30 [&hellip;]\" \/>\n<meta property=\"og:url\" content=\"https:\/\/chimene.org\/centre-chimene\/presentation-formations\/\" \/>\n<meta property=\"og:site_name\" content=\"CSAPA Chim\u00e8ne\" \/>\n<meta property=\"article:modified_time\" content=\"2026-03-16T13:25:14+00:00\" \/>\n<meta property=\"og:image\" content=\"https:\/\/chimene.org\/centre-chimene\/wp-content\/uploads\/sites\/3\/2022\/07\/IMG_20191021_160132-Bis-scaled.jpg\" \/>\n\t<meta property=\"og:image:width\" content=\"2560\" \/>\n\t<meta property=\"og:image:height\" content=\"1920\" \/>\n\t<meta property=\"og:image:type\" content=\"image\/jpeg\" \/>\n<meta name=\"twitter:card\" content=\"summary_large_image\" \/>\n<meta name=\"twitter:label1\" content=\"Dur\u00e9e de lecture estim\u00e9e\" \/>\n\t<meta name=\"twitter:data1\" content=\"2 minutes\" \/>\n<script type=\"application\/ld+json\" class=\"yoast-schema-graph\">{\"@context\":\"https:\/\/schema.org\",\"@graph\":[{\"@type\":\"WebPage\",\"@id\":\"https:\/\/chimene.org\/centre-chimene\/presentation-formations\/\",\"url\":\"https:\/\/chimene.org\/centre-chimene\/presentation-formations\/\",\"name\":\"Pr\u00e9sentation - CSAPA Chim\u00e8ne\",\"isPartOf\":{\"@id\":\"https:\/\/chimene.org\/centre-chimene\/#website\"},\"primaryImageOfPage\":{\"@id\":\"https:\/\/chimene.org\/centre-chimene\/presentation-formations\/#primaryimage\"},\"image\":{\"@id\":\"https:\/\/chimene.org\/centre-chimene\/presentation-formations\/#primaryimage\"},\"thumbnailUrl\":\"https:\/\/chimene.org\/wp-content\/uploads\/sites\/3\/2022\/07\/IMG_20191021_160132-Bis-1024x768.jpg\",\"datePublished\":\"2022-06-22T15:05:11+00:00\",\"dateModified\":\"2026-03-16T13:25:14+00:00\",\"breadcrumb\":{\"@id\":\"https:\/\/chimene.org\/centre-chimene\/presentation-formations\/#breadcrumb\"},\"inLanguage\":\"fr-FR\",\"potentialAction\":[{\"@type\":\"ReadAction\",\"target\":[\"https:\/\/chimene.org\/centre-chimene\/presentation-formations\/\"]}]},{\"@type\":\"ImageObject\",\"inLanguage\":\"fr-FR\",\"@id\":\"https:\/\/chimene.org\/centre-chimene\/presentation-formations\/#primaryimage\",\"url\":\"https:\/\/chimene.org\/wp-content\/uploads\/sites\/3\/2022\/07\/IMG_20191021_160132-Bis-1024x768.jpg\",\"contentUrl\":\"https:\/\/chimene.org\/wp-content\/uploads\/sites\/3\/2022\/07\/IMG_20191021_160132-Bis-1024x768.jpg\"},{\"@type\":\"BreadcrumbList\",\"@id\":\"https:\/\/chimene.org\/centre-chimene\/presentation-formations\/#breadcrumb\",\"itemListElement\":[{\"@type\":\"ListItem\",\"position\":1,\"name\":\"Accueil\",\"item\":\"https:\/\/chimene.org\/centre-chimene\/\"},{\"@type\":\"ListItem\",\"position\":2,\"name\":\"Pr\u00e9sentation\"}]},{\"@type\":\"WebSite\",\"@id\":\"https:\/\/chimene.org\/centre-chimene\/#website\",\"url\":\"https:\/\/chimene.org\/centre-chimene\/\",\"name\":\"CSAPA Chim\u00e8ne\",\"description\":\"\",\"potentialAction\":[{\"@type\":\"SearchAction\",\"target\":{\"@type\":\"EntryPoint\",\"urlTemplate\":\"https:\/\/chimene.org\/centre-chimene\/?s={search_term_string}\"},\"query-input\":{\"@type\":\"PropertyValueSpecification\",\"valueRequired\":true,\"valueName\":\"search_term_string\"}}],\"inLanguage\":\"fr-FR\"}]}<\/script>\n<!-- \/ Yoast SEO plugin. -->","yoast_head_json":{"title":"Pr\u00e9sentation - CSAPA Chim\u00e8ne","robots":{"index":"index","follow":"follow","max-snippet":"max-snippet:-1","max-image-preview":"max-image-preview:large","max-video-preview":"max-video-preview:-1"},"canonical":"https:\/\/chimene.org\/centre-chimene\/presentation-formations\/","og_locale":"fr_FR","og_type":"article","og_title":"Pr\u00e9sentation - CSAPA Chim\u00e8ne","og_description":"Le Csapa* Chim\u00e8ne-Baudelaire est un centre de soins sp\u00e9cialis\u00e9 en addictologie compos\u00e9 de deux structures : l\u2019une situ\u00e9e \u00e0 Issy les Moulineaux (Centre Chim\u00e8ne), l\u2019autre \u00e0 Clamart (Centre Baudelaire). Les consultations sont gratuites, confidentielles et peuvent \u00eatre anonymes.Sur le Centre Chim\u00e8ne, il est ouvert tous les jours du le lundi, mardi et vendredi de 9h30 [&hellip;]","og_url":"https:\/\/chimene.org\/centre-chimene\/presentation-formations\/","og_site_name":"CSAPA Chim\u00e8ne","article_modified_time":"2026-03-16T13:25:14+00:00","og_image":[{"width":2560,"height":1920,"url":"https:\/\/chimene.org\/centre-chimene\/wp-content\/uploads\/sites\/3\/2022\/07\/IMG_20191021_160132-Bis-scaled.jpg","type":"image\/jpeg"}],"twitter_card":"summary_large_image","twitter_misc":{"Dur\u00e9e de lecture estim\u00e9e":"2 minutes"},"schema":{"@context":"https:\/\/schema.org","@graph":[{"@type":"WebPage","@id":"https:\/\/chimene.org\/centre-chimene\/presentation-formations\/","url":"https:\/\/chimene.org\/centre-chimene\/presentation-formations\/","name":"Pr\u00e9sentation - CSAPA Chim\u00e8ne","isPartOf":{"@id":"https:\/\/chimene.org\/centre-chimene\/#website"},"primaryImageOfPage":{"@id":"https:\/\/chimene.org\/centre-chimene\/presentation-formations\/#primaryimage"},"image":{"@id":"https:\/\/chimene.org\/centre-chimene\/presentation-formations\/#primaryimage"},"thumbnailUrl":"https:\/\/chimene.org\/wp-content\/uploads\/sites\/3\/2022\/07\/IMG_20191021_160132-Bis-1024x768.jpg","datePublished":"2022-06-22T15:05:11+00:00","dateModified":"2026-03-16T13:25:14+00:00","breadcrumb":{"@id":"https:\/\/chimene.org\/centre-chimene\/presentation-formations\/#breadcrumb"},"inLanguage":"fr-FR","potentialAction":[{"@type":"ReadAction","target":["https:\/\/chimene.org\/centre-chimene\/presentation-formations\/"]}]},{"@type":"ImageObject","inLanguage":"fr-FR","@id":"https:\/\/chimene.org\/centre-chimene\/presentation-formations\/#primaryimage","url":"https:\/\/chimene.org\/wp-content\/uploads\/sites\/3\/2022\/07\/IMG_20191021_160132-Bis-1024x768.jpg","contentUrl":"https:\/\/chimene.org\/wp-content\/uploads\/sites\/3\/2022\/07\/IMG_20191021_160132-Bis-1024x768.jpg"},{"@type":"BreadcrumbList","@id":"https:\/\/chimene.org\/centre-chimene\/presentation-formations\/#breadcrumb","itemListElement":[{"@type":"ListItem","position":1,"name":"Accueil","item":"https:\/\/chimene.org\/centre-chimene\/"},{"@type":"ListItem","position":2,"name":"Pr\u00e9sentation"}]},{"@type":"WebSite","@id":"https:\/\/chimene.org\/centre-chimene\/#website","url":"https:\/\/chimene.org\/centre-chimene\/","name":"CSAPA Chim\u00e8ne","description":"","potentialAction":[{"@type":"SearchAction","target":{"@type":"EntryPoint","urlTemplate":"https:\/\/chimene.org\/centre-chimene\/?s={search_term_string}"},"query-input":{"@type":"PropertyValueSpecification","valueRequired":true,"valueName":"search_term_string"}}],"inLanguage":"fr-FR"}]}},"_links":{"self":[{"href":"https:\/\/chimene.org\/centre-chimene\/wp-json\/wp\/v2\/pages\/8","targetHints":{"allow":["GET"]}}],"collection":[{"href":"https:\/\/chimene.org\/centre-chimene\/wp-json\/wp\/v2\/pages"}],"about":[{"href":"https:\/\/chimene.org\/centre-chimene\/wp-json\/wp\/v2\/types\/page"}],"author":[{"embeddable":true,"href":"https:\/\/chimene.org\/centre-chimene\/wp-json\/wp\/v2\/users\/1"}],"replies":[{"embeddable":true,"href":"https:\/\/chimene.org\/centre-chimene\/wp-json\/wp\/v2\/comments?post=8"}],"version-history":[{"count":15,"href":"https:\/\/chimene.org\/centre-chimene\/wp-json\/wp\/v2\/pages\/8\/revisions"}],"predecessor-version":[{"id":466,"href":"https:\/\/chimene.org\/centre-chimene\/wp-json\/wp\/v2\/pages\/8\/revisions\/466"}],"wp:attachment":[{"href":"https:\/\/chimene.org\/centre-chimene\/wp-json\/wp\/v2\/media?parent=8"}],"curies":[{"name":"wp","href":"https:\/\/api.w.org\/{rel}","templated":true}]}}